6
Let v(l) = -l**3 - l**2 - 2*l + 3. Let r be v(0). Suppose -r*z + 82 = -314. What is the greatest common divisor of 12 and z?
12
Suppose 4*h - 9 = h. Let y(b) = 4*b**3 - 4*b**2 + 2*b + 1. Let t be y(2). Calculate the highest common divisor of t and h.
3
Suppose 0 = 5*w + j - 205, -3*w + 115 = -j - 0*j. Suppose c = -2*l + 18, 0*l - l = -3*c + w. What is the greatest common factor of 7 and c?
7
Let y = 1023 - 665. Let v = y - 204. Calculate the greatest common divisor of 22 and v.
22
Let a be 15*1 + 3/(-12)*-4. Calculate the highest common factor of 32 and a.
16
Let i = 5 - -25. Suppose 5*k = 2*k + i. Let j be (6 + -7)/(2/(-180)). Calculate the highest common factor of j and k.
10
Suppose s + 2 = -g, -7*g - 15 = -2*g. What is the highest common divisor of 11 and s?
1
Let q be (3 - 2) + 3 + -1. Suppose -q*x = -4*s + s - 36, -5*x + 80 = 5*s. Let y = 144 + -18. Calculate the greatest common factor of x and y.
14
Suppose -x = 4*g - 53 - 75, 20 = 5*x. Suppose -5*q = -4 - g. Calculate the greatest common divisor of 56 and q.
7
Let t(n) = -n**2 + n + 42. Let q be t(0). Let z(g) = 2*g**2 - 6*g - 6. Let m be z(5). What is the greatest common divisor of q and m?
14
Suppose 8*r = 7*r + 8. Suppose -5*a + 54 = -4*j - 6, 2*a - 4*j = 12. What is the highest common divisor of a and r?
8
Let c = 17 + -26. Let t be 2/4 - c/6. Let m = 16 + -10. What is the highest common factor of m and t?
2
Suppose k - 540 = -2*k. Suppose 2*g - k = 156. Let s(f) = -f**3 - 22*f**2 + 22*f - 2. Let v be s(-23). Calculate the greatest common factor of v and g.
21
Let j(d) = -d**2 + 5*d + 13. Let f be j(6). What is the greatest common divisor of 35 and f?
7
Suppose -z + 10 = 3*t - 5, 5*z = -5*t + 65. Calculate the greatest common factor of z and 4.
4
Let z = 35 + -20. Suppose 0 = -7*a + 486 + 39. What is the highest common divisor of z and a?
15
Let y = 124 - 71. Suppose -3*g = -4*s - y + 11, 0 = 2*s + 6. What is the highest common divisor of 10 and g?
10
Let v be 5/(-10) - 6/(-4). Suppose 5*g - 2 = 3*g. Calculate the greatest common divisor of v and g.
1
Let v be 4/12 - 118/(-6). Let d(p) = -p**2 - 2*p. Let t be d(-2). Let c be 1 + 0 + t + 9. Calculate the highest common factor of v and c.
10
Let m = -28 + 155. Suppose 2*l + 43 - m = 0. Let p be 2*3*(-14)/(-6). What is the greatest common divisor of p and l?
14
Suppose v = -3*v + 160. Suppose 0*x - 3*x = -300. What is the greatest common factor of v and x?
20
Suppose 3*d - 3 = -0*d. Let z be (-2)/2*(-7 - d). Suppose 5*k - 6*k + z = 0. Calculate the highest common factor of k and 16.
8
Let f(i) = -i**3 + 6*i**2 + 2*i - 8. Let t be f(4). Calculate the highest common divisor of 320 and t.
32
Let p = 23 - 7. Suppose p = -m + 5*m. Let g(l) = l**2 + 2*l - 3. Let x be g(m). Calculate the greatest common factor of x and 7.
7
Let x be (4/3)/(5/90). Let t(k) = 45*k + 2. Let r be t(2). Let q = r - 56. What is the greatest common divisor of q and x?
12
Let h = -13 - -18. Let z = h + 2. Let d = z - 3. What is the greatest common factor of 36 and d?
4
Let k(j) = j**2 + j + 1. Let a be k(3). Suppose 10 = -2*u - 8. Let q = a + u. What is the highest common divisor of 32 and q?
4
Suppose -34 = -3*d + 29. Calculate the greatest common divisor of 105 and d.
21
Let y = -530 + 277. Suppose 0 = 5*j - 3*p + 810, -j - 57 = -5*p + 83. Let o = j - y. Calculate the highest common factor of 8 and o.
8
Suppose 2*p = 4*n - 180, -2*p = -n + 4*n - 135. Calculate the greatest common divisor of n and 15.
15
Let k be (-6)/(-4)*(-8)/(-6). Let v(y) = -9*y + 1. Let g be v(k). Let s = g - -25. Calculate the greatest common factor of 64 and s.
8
Let j(g) = -27*g + 6. Let f be j(0). Let t(c) = 54*c**3 - c + 1. Let a be t(1). What is the highest common factor of a and f?
6
Suppose -5*a = 0, 2*j + 3*a + 2 = 106. Let f be (-4)/6 - (-41)/3. Calculate the highest common divisor of f and j.
13
Let s(b) = b**3 - b. Let i(o) = -o**3 - 4*o**2 - o. Let r(z) = i(z) + 2*s(z). Let p be r(5). Suppose 0 = 3*q - 3. What is the highest common divisor of p and q?
1
Let x(b) = b**2 + 3*b + 1. Let y be x(-4). Suppose -i - y*q = 3*i - 11, -5*i = 3*q - 17. What is the highest common divisor of i and 8?
4
Suppose -29 = -2*y - 3*w + 5, 4*y - 90 = 5*w. Let i = 16 - 28. Let n = y + i. What is the highest common factor of n and 8?
8
Let x(c) be the second derivative of 5/12*c**4 + 7/2*c**2 + 0*c**3 + 0 + 3*c. Let h be x(-5). Calculate the highest common factor of 12 and h.
12
Suppose 49 = 4*w + 13. Calculate the highest common factor of w and 3.
3
Let w = 47 + -19. What is the greatest common factor of 70 and w?
14
Suppose c = 5*r + 26, 0*r = r + 4. Calculate the highest common factor of 6 and c.
6
Let t = 82 + -56. Let h = 9 + t. Calculate the greatest common divisor of 7 and h.
7
Let z(h) = -h**2 - 8*h - 9. Let n be z(-6). Suppose -n*o + 143 = 4*w, 88 = 2*w - 5*o + o. Calculate the highest common factor of 57 and w.
19
Let q = 2 - 0. Suppose -q*d + 12 = 2*d. Suppose 0 = 3*c + 2*r - 19, -2*c + r = 2*c - 40. Calculate the highest common divisor of d and c.
3
Let g be 2 + 4/(1/(-1)). Let o = g + 4. Calculate the highest common divisor of o and 16.
2
Suppose 4*w - 5*w = -5. Calculate the highest common divisor of w and 5.
5
Let z be ((-13)/(-2) + -3)/((-4)/(-8)). Let i = -57 + 106. Calculate the greatest common factor of i and z.
7
Let a(f) = 2*f**2 - 4*f + 2. Let b be a(2). Let v = b - 1. Let u be 1/v*36/2. Calculate the greatest common divisor of 54 and u.
18
Let n(p) be the first derivative of 7*p**2 - 2*p - 4. Let f be n(4). What is the greatest common factor of 27 and f?
27
Suppose -5 - 5 = 2*b, 4*d - 13 = -3*b. Suppose 5*x + 7 = 2, 2*x = -2*m + 110. What is the highest common divisor of d and m?
7
Suppose 55 = 4*r + 7. What is the highest common divisor of r and 6?
6
Let v be (-121)/(-44)*(-1 + 5). What is the greatest common factor of 22 and v?
11
Suppose -243 = -3*w + j + 522, 0 = -w - 5*j + 271. Calculate the greatest common factor of 32 and w.
32
Let s(x) = -x**2 + 5*x - 3. Let r be s(3). Let n(b) = b**2 - 16. Let v be n(-7). What is the highest common factor of r and v?
3
Suppose 4*q = 3*q + 10. Let a(x) = 17*x + 3. Let f be a(6). Let m be (6/9)/(1/f). Calculate the highest common factor of q and m.
10
Suppose 5*v = 4*m - 31, 5*m + 2*v + 3*v = 5. Suppose 3*d = m*d - 20. What is the greatest common divisor of 10 and d?
10
Let r(u) = -u**3 + 2*u**2 + u - 1. Let p be r(3). Let a = 6 - p. Let x(n) = -105*n**3 - 1. Let b be x(-1). Calculate the highest common factor of b and a.
13
Let a be (0/1 - -1)/1. Let c be ((-15)/(-12))/(a/8). What is the greatest common divisor of 30 and c?
10
Let t be (-4)/5*(-420)/56. Suppose -4*g + 60 = -0*g. Calculate the highest common factor of t and g.
3
Let i be -2 + 2 + -1 + 16. Calculate the highest common factor of i and 6.
3
Let x be (-4 + 26/5)*10. Let n(s) = 2*s - 6. Let j be n(6). What is the greatest common factor of j and x?
6
Suppose 5*u + 0*u = 5*b, 4*u = -2*b. Suppose b = 2*w - 5*s - 64, 2*w = -4*s + 2*s + 36. What is the greatest common divisor of w and 55?
11
Let h(i) = i**2 + 2*i + 2. Let c be h(-2). Let z be c/(-4)*(-396)/2. Suppose 0*w = -w + z. Calculate the greatest common divisor of w and 9.
9
Let h = -44 + 94. Calculate the greatest common divisor of 10 and h.
10
Let k = 1 + 2. Calculate the greatest common divisor of k and 15.
3
Suppose -3*a + 44 = 8. Calculate the highest common divisor of 84 and a.
12
Let n(r) = 6*r**3 + 6*r**2 - 5*r - 3. Let s be n(-5). Let l be s/10 + (-4)/20. Let z = -31 - l. Calculate the highest common factor of 9 and z.
9
Suppose 66 = 5*v - 1084. Suppose 4*p - 5*x - v = -p, 88 = 2*p + 2*x. Suppose n + 1 = -4*o - 1, n + 3*o - 3 = 0. What is the highest common divisor of p and n?
9
Let r(v) = -v + 5. Let u be r(3). Suppose d = 2*t + 28, -d = -3*d - u*t + 38. Calculate the highest common divisor of d and 66.
22
Let h(l) = -l**3 + 4*l**2 - 1. Let r be h(4). Let f be 1 + r + (-42)/(-6). What is the greatest common divisor of f and 63?
7
Suppose 19 = -7*j + 82. Calculate the greatest common divisor of j and 9.
9
Suppose -5*s - 2*g + 8 = 0, 2*s + s + 4*g = 2. Suppose -j - 2*d - 2 = d, 5*d = -4*j - 1. Calculate the highest common divisor of j and s.
1
Let o = -65 - -112. Calculate the greatest common divisor of 376 and o